69 + 44a28?
45196
In base 4, what is -222 - -223201323200?
223201322312
In base 15, what is 9 + -22b182?
-22b178
In base 4, what is 21 - 11033322?
-11033301
In base 10, what is -2 - -3544373?
3544371
In base 2, what is -10101110 - 1110010010000111?
-1110010100110101
In base 15, what is d + 2b18a0?
2b18ad
In base 12, what is 5 - -139518?
139521
In base 8, what is -37074 - 10613?
-47707
In base 4, what is -10 - 32331210331321?
-32331210331331
In base 9, what is 1380 - 18833?
-17443
In base 7, what is -41 - 15210465?
-15210536
In base 15, what is 44e6d3a + 0?
44e6d3a
In base 12, what is 2 + 2518b44?
2518b46
In base 15, what is -283ad - 28?
-283d6
In base 10, what is -3271989 + -27?
-3272016
In base 16, what is -b0 - -1bb32?
1ba82
In base 10, what is 131 + 320662?
320793
In base 13, what is 1 + -10282639?
-10282638
In base 6, what is -505 + 1454115?
1453210
In base 7, what is 41322 + 125512?
200134
In base 5, what is 20 - -23002411312?
23002411332
In base 7, what is -13324 + 140503?
124146
In base 3, what is 1000000 - -2020212121?
2021212121
In base 10, what is -2295616879 + 2?
-2295616877
In base 14, what is 38470 + -a6?
383a8
In base 6, what is 1350344 - -12025?
1402413
In base 7, what is 5432 + -221150?
-212415
In base 5, what is -4201 + 444222?
440021
In base 6, what is 115 + 1323141?
1323300
In base 14, what is 244 - ad67?
-ab23
In base 4, what is 0 + -32113012113?
-32113012113
In base 9, what is -366 + 132170?
131703
In base 16, what is 12 + 4d28c?
4d29e
In base 10, what is -1004248 + -150?
-1004398
In base 4, what is 232213130 + 3231?
232223021
In base 9, what is -120 - 10372125?
-10372245
In base 11, what is 236a07 + 214?
237120
In base 10, what is -64 - -6200455?
6200391
In base 5, what is -22 + -2440232201?
-2440232223
In base 10, what is -21 + 1348035?
1348014
In base 12, what is 3 - 1a1189?
-1a1186
In base 5, what is 1411 + 1041214?
1043130
In base 13, what is -2 + -23b04b2?
-23b04b4
In base 8, what is 3105 + -15123?
-12016
In base 16, what is 44 + -c3bf?
-c37b
In base 9, what is -12512317 + -1?
-12512318
In base 10, what is -173512 + 17?
-173495
In base 12, what is 171 - 38580a?
-385659
In base 13, what is -1 + -95799b?
-95799c
In base 9, what is 41114627 + -5?
41114622
In base 14, what is -2b924 - 149?
-2ba6d
In base 15, what is -70d2b8 - 1?
-70d2b9
In base 3, what is 0 - -1222210120000002?
1222210120000002
In base 15, what is 2 - -e19610?
e19612
In base 12, what is -439715 - 71?
-439786
In base 13, what is 1602 + -201a?
-718
In base 2, what is -1101011110110101 - 100011110?
-1101100011010011
In base 5, what is 1340303 - -3141?
1343444
In base 7, what is 255025 - -55?
255113
In base 14, what is -117d - -40b92?
3da13
In base 11, what is -133253161 - -3?
-133253159
In base 11, what is 201 - -35a40?
36141
In base 11, what is 4 + -4629793?
-462978a
In base 7, what is -21302545 + -55?
-21302633
In base 3, what is 12110002221112 - 1210?
12110002212202
In base 3, what is -2021 + 11200121011110?
11200121002012
In base 6, what is 1240520 - 152?
1240324
In base 8, what is 3124265614 - 4?
3124265610
In base 10, what is 124 - 1703148?
-1703024
In base 11, what is 2 + 12343213?
12343215
In base 3, what is 122010 - -11101200112122?
11101201011202
In base 8, what is 141257 + -1500?
137557
In base 7, what is 20046613 - 0?
20046613
In base 16, what is -c59b - -4b3?
-c0e8
In base 10, what is -2 - -2621528?
2621526
In base 11, what is 2374 - 449?
1a26
In base 2, what is 1100101110001110 - -10001110?
1100110000011100
In base 4, what is -21131 + 1120221023?
1120133232
In base 8, what is -1237 + 25050?
23611
In base 2, what is 10111000011101111000011 + -101?
10111000011101110111110
In base 13, what is 25b97 + 2?
25b99
In base 16, what is 4 + 27c06f?
27c073
In base 4, what is -20110232 - -113223?
-13331003
In base 10, what is -195511 - -16?
-195495
In base 9, what is -1138505426 + 2?
-1138505424
In base 12, what is -32252a9 - -1?
-32252a8
In base 13, what is 5 - -305694?
305699
In base 4, what is 20022301112 - -22?
20022301200
In base 7, what is 22 + 51025443?
51025465
In base 9, what is 1003 + -48262?
-47258
In base 13, what is -4b711 - 69?
-4b77a
In base 2, what is 11111001110110 + 11000100001?
100010010010111
In base 14, what is b61d3d9 + a?
b61d405
In base 14, what is -4 - -156a611?
156a60b
In base 2, what is -100001 + -10110000010101101?
-10110000011001110
In base 9, what is 4 + -4624373?
-4624368
In base 11, what is -5 - 1228a09?
-1228a13
In base 2, what is -11100101011111101000010 - 11?
-11100101011111101000101
In base 11, what is -362a70 - 130?
-3630a0
In base 10, what is 74 + 3576689?
3576763
In base 5, what is -22 - -14120344?
14120322
In base 5, what is -3433 + -2224100?
-2233033
In base 15, what is -2e873 + -12?
-2e885
In base 13, what is -c82 + -1513?
-2495
In base 4, what is 11213 - 21213123321?
-21213112102
In base 11, what is -32 + -2274a3?
-227525
In base 11, what is 524 - -495746?
49616a
In base 6, what is 14311 - -201134?
215445
In base 6, what is 4114 + 2224?
10342
In base 5, what is 322 - 212040241?
-212034414
In base 9, what is 315230820 + 5?
315230825
In base 12, what is -147ba662 - -2?
-147ba660
In base 13, what is 4c - 26481?
-26432
In base 8, what is 23 - -573544?
573567
In base 13, what is -168425 - -1b?
-168407
In base 9, what is 1884515 - 1?
1884514
In base 16, what is 1d74bb - 2a?
1d7491
In base 10, what is -121554658 - -3?
-121554655
In base 6, what is 12 + -5525230?
-5525214
In base 14, what is 1 - -17b666d9?
17b666da
In base 4, what is -10323132 + 10133332?
-123200
In base 16, what is -1e9 - -1c04?
1a1b
In base 8, what is 16674 - 127331?
-110435
In base 2, what is -1110001001100010001 + 111101101?
-1110001000100100100
In base 15, what is -2ca8d6a - 1?
-2ca8d6b
In base 12, what is 145a - -38a7?
5145
In base 12, what is -96a0827 - 2?
-96a0829
In base 13, what is 3 + 270bb7?
270bba
In base 7, what is -14425 + -236?
-14664
In base 10, what is 10606665 - 16?
10606649
In base 7, what is -1234 + -161?
-1425
In base 16, what is b3 - -24e27?
24eda
In base 8, what is -17467666 - -3?
-17467663
In base 4, what is -132012302022 - 3?
-132012302031
In base 8, what is 200162 + -467?
177473
In base 10, what is -4425 + 59259?
54834
In base 9, what is -37385 + -7423?
-45818
In base 14, what is 9c123 - 5?
9c11c
In base 2, what is 100 - 11011011011011000001100011?
-11011011011011000001011111
In base 10, what is 5 + 229326343?
229326348
In base 3, what is 202 - 10002211001211?
-10002211001002
In base 14, what is -301c71 + d1?
-301b80
In base 6, what is -415311 - -4102?
-411205
In base 10, what is -113393 + 3278?
-110115
In base 5, what is 11132240 + 440?
11133230
In base 12, what is -112a5b - -4?
-112a57
In base 5, what is 0 + 104421002311?
104421002311
In base 16, what is 39f - a985?
-a5e6
In base 15, what is -330730 - -13?
-33071c
In base 2, what is 10000100100000011001 + 10001?
10000100100000101010
In base 6, what is -103143 + 3003?
-100140
In base 5, what is -311 - 144234013?
-144234324
In base 8, what is 437112 + 321?
437433
In base 15, what is -3602 - 97c?
-407e
In base 11, what is 2054 - 740?
1414
In base 7, what is -45262 - -15135?
-30124
In base 16, what is -d86 - -7abc?
6d36
In base 16, what is 1a9 + 1a8?
351
In base 14, what is -13 - c9a4b?
-c9a60
In base 10, what is -138206354 - -5?
-138206349
In base 4, what is -122100033230030 - -10?
-122100033230020
In base 11, what is -46678 - -aa?
-46579
In base 2, what is -1000110101110010 + -1101100?
-1000110111011110
In base 12, what is -30 - -b38255?
b38225
In base 14, what is 5 - -95794b4?
95794b9
In base 4, what is -111323 - -23200?
-22123
In base 12, what is b4 + 30088?
30180
In base 12, what is -a9608347 + 3?
-a9608344
In base 4, what is -2 + 100211023003?
100211023001
In base 2, what is -100111110 + 1011010101001001000?
1011010100100001010
In base 14, what is -1b0b + 155a?
-591
In base 16, what is aba83 + -b?
aba78
In base 9, what is -72385 + 3705?
-67580
In base 8, what is -23 - -1370667?
1370644
In base 4, what is 1312331002121321 - 1?
1312331002121320
In base 2, what is -1011 - -101110111101000110100?
101110111101000101001
In base 4, what is -133212211023 - 0?
-133212211023
In base 6, what is 1520342 + 431?
1521213
In base 6, what is -1 + -3505131323?
-3505131324
In base 5, what